{"id":41,"date":"2017-01-04T17:50:58","date_gmt":"2017-01-04T16:50:58","guid":{"rendered":"http:\/\/www.gbollaert.eu\/emile-bollaert\/?page_id=41"},"modified":"2023-08-10T20:13:15","modified_gmt":"2023-08-10T18:13:15","slug":"chapitre-12-decorations","status":"publish","type":"page","link":"https:\/\/www.gbollaert.eu\/emile-bollaert\/chapitre-12-decorations\/","title":{"rendered":"Chapitre 12 :  D\u00e9corations"},"content":{"rendered":"<p align=\"LEFT\">Croix de Guerre 14-18, 5 citations (1 corps d&rsquo;arm\u00e9e, 2 division, 1 brigade, 1 bataillon).<\/p>\n<p align=\"LEFT\">Croix de Guerre des Th\u00e9\u00e2tres d&rsquo;Op\u00e9rations Ext\u00e9rieures avec palme le 24 novembre 1948.<\/p>\n<p align=\"LEFT\">L\u00e9gion d&rsquo;Honneur :<br \/>\n&#8211; chevalier \u00e0 titre militaire le 24 mars 1923 (JO du 30\/4\/23 p. 3154)<br \/>\n&#8211; officier au titre des Affaires \u00c9trang\u00e8res le 31 juillet 1932 (JO du 2\/8\/32)<br \/>\n&#8211; commandeur au titre de la Pr\u00e9sidence du Conseil le 18 janvier 1946 (JO du 9\/2\/46)<br \/>\n<i>Cravate de commandeur remise \u00e0 Strasbourg par le g\u00e9n\u00e9ral de Gaulle<br \/>\n<\/i>&#8211; grand-officier \u00e0 titre militaire le 24 novembre 1948 (JO du 25\/11\/48)<br \/>\n&#8211; grand-croix \u00e0 titre militaire le 21 mars 1961, pour valoir au 1\u00b0 avril 1960 (JO du 26\/3\/61 p. 3034)<\/p>\n<figure id=\"attachment_129\" aria-describedby=\"caption-attachment-129\" style=\"width: 774px\" class=\"wp-caption alignnone\"><img loading=\"lazy\" decoding=\"async\" class=\"wp-image-129 size-full\" src=\"https:\/\/www.gbollaert.eu\/emile-bollaert\/wp-content\/uploads\/2017\/01\/EB-GrandCroix.jpg\" alt=\"De Gaulle remet a Emile Bollaert la Grand-Croix de la Legion d'Honneur\" width=\"774\" height=\"575\" srcset=\"https:\/\/www.gbollaert.eu\/emile-bollaert\/wp-content\/uploads\/2017\/01\/EB-GrandCroix.jpg 774w, https:\/\/www.gbollaert.eu\/emile-bollaert\/wp-content\/uploads\/2017\/01\/EB-GrandCroix-300x223.jpg 300w, https:\/\/www.gbollaert.eu\/emile-bollaert\/wp-content\/uploads\/2017\/01\/EB-GrandCroix-768x571.jpg 768w\" sizes=\"auto, (max-width: 774px) 100vw, 774px\" \/><figcaption id=\"caption-attachment-129\" class=\"wp-caption-text\">A l&rsquo;Elys\u00e9e, le 17 juin 1961, le g\u00e9n\u00e9ral De Gaulle remet la Grand-Croix de la L\u00e9gion d&rsquo;Honneur \u00e0 \u00c9mile Bollaert en pr\u00e9sence de Pierre Messmer et Gaston Monnerville.<\/figcaption><\/figure>\n<p align=\"LEFT\">Croix des Compagnons de la Lib\u00e9ration le 16 octobre 1945.<br \/>\n<i>\u00c9mile Bollaert avait demand\u00e9 au g\u00e9n\u00e9ral de Gaulle de la lui remettre. Voici la r\u00e9ponse du G\u00e9n\u00e9ral en date du 5 mars 1946\u00a0:<\/i><\/p>\n<p align=\"LEFT\"><i>\u00ab\u00a0LE GENERAL DE GAULLE Marly, 5\/3\/46<br \/>\nMon cher ami,<br \/>\nJ&rsquo;ai re\u00e7u votre lettre avec plaisir et vous en remercie. Ce que nous avons pu faire dans la temp\u00eate est, pour le pays, une sorte de tr\u00e9sor qu&rsquo;il ne faut pas laisser rouler dans la boue, ne f\u00fbt-ce que pour l&rsquo;Histoire. Or, la vague de bassesse d\u00e9ferle. Mieux vaut la laisser passer.<br \/>\nJe ne demanderais pas mieux que de vous remettre la Croix de la Lib\u00e9ration que j&rsquo;ai eu l&rsquo;honneur de vous d\u00e9cerner. Mais, pour le moment, je m&rsquo;abstiens avec rigueur de toute figuration et de toute c\u00e9r\u00e9monie publique. Si vous jugez possible d&rsquo;attendre, nous pourrons en reparler dans quelques mois, mais si, en raison de vos fonctions, il vous para\u00eet utile de recevoir les insignes sans tarder, alors, adressez-vous, de ma part, au g\u00e9n\u00e9ral Koenig.<br \/>\nCroyez, mon cher ami, \u00e0 mes sentiments cordialement et fid\u00e8lement d\u00e9vou\u00e9s,<br \/>\nC. de Gaulle\u00a0\u00bb<br \/>\n<img loading=\"lazy\" decoding=\"async\" class=\"alignnone wp-image-248\" src=\"https:\/\/www.gbollaert.eu\/emile-bollaert\/wp-content\/uploads\/2017\/02\/EB-LetDeGaulle.jpg\" alt=\"\" width=\"596\" height=\"462\" \/><br \/>\n<\/i><\/p>\n<p align=\"LEFT\">M\u00e9daille de la R\u00e9sistance avec rosette le 31 mars 1947.<\/p>\n<p align=\"LEFT\">M\u00e9daille comm\u00e9morative des Services Volontaires dans la France Libre le 28 ao\u00fbt 1947.<\/p>\n<p align=\"LEFT\">Croix du Combattant Volontaire de la R\u00e9sistance le 26 juin 1952.<\/p>\n<p align=\"LEFT\">M\u00e9daille des D\u00e9port\u00e9s de la R\u00e9sistance.<\/p>\n<p align=\"LEFT\">Commandeur de l&rsquo;Ordre des Arts &amp; Lettres en novembre 1960.<\/p>\n<p align=\"LEFT\">Commandeur de l&rsquo;Ordre des Palmes Acad\u00e9miques.<\/p>\n<p align=\"LEFT\">Officier du M\u00e9rite Agricole.<\/p>\n<p align=\"LEFT\">M\u00e9daille d&rsquo;Or du Minist\u00e8re du Travail, de l&rsquo;Hygi\u00e8ne, de l&rsquo;Assistance et de la Pr\u00e9voyance Sociales <span style=\"font-family: Times New Roman,serif;\">(pour services rendus aux \u0152uvres de Pr\u00e9voyance Sociale)<\/span>.<\/p>\n<p align=\"LEFT\">M\u00e9daille de l\u2019\u00c9ducation Surveill\u00e9e le 27 octobre 1964.<\/p>\n<p align=\"LEFT\">M\u00e9daille d&rsquo;Or du Minist\u00e8re de l&rsquo;Int\u00e9rieur.<\/p>\n<p align=\"LEFT\">Grande M\u00e9daille de Vermeil de la Ville de Paris le 14 janvier 1976.<\/p>\n<figure id=\"attachment_1003\" aria-describedby=\"caption-attachment-1003\" style=\"width: 660px\" class=\"wp-caption alignnone\"><img loading=\"lazy\" decoding=\"async\" class=\"wp-image-1003 size-large\" src=\"https:\/\/www.gbollaert.eu\/emile-bollaert\/wp-content\/uploads\/2022\/10\/12_3-Taulelle-1024x714.jpg\" alt=\"\" width=\"660\" height=\"460\" srcset=\"https:\/\/www.gbollaert.eu\/emile-bollaert\/wp-content\/uploads\/2022\/10\/12_3-Taulelle-1024x714.jpg 1024w, https:\/\/www.gbollaert.eu\/emile-bollaert\/wp-content\/uploads\/2022\/10\/12_3-Taulelle-300x209.jpg 300w, https:\/\/www.gbollaert.eu\/emile-bollaert\/wp-content\/uploads\/2022\/10\/12_3-Taulelle-768x536.jpg 768w, https:\/\/www.gbollaert.eu\/emile-bollaert\/wp-content\/uploads\/2022\/10\/12_3-Taulelle.jpg 1124w\" sizes=\"auto, (max-width: 660px) 100vw, 660px\" \/><figcaption id=\"caption-attachment-1003\" class=\"wp-caption-text\">Bernard Lafay, pr\u00e9sident du Conseil de Paris et Jean Taulelle, pr\u00e9fet de Paris, remettent cette m\u00e9daille<\/figcaption><\/figure>\n<p align=\"LEFT\">Grand Cordon du Ouissam-Alaouite (Maroc) le 21 juin 1945.<\/p>\n<p align=\"LEFT\">Grand Cordon du Nichan-Iftikar (Tunisie) en 1945.<\/p>\n<p align=\"LEFT\">Grand Cordon de l&rsquo;Ordre Royal du Cambodge en 1947.<\/p>\n<p align=\"LEFT\">Grand Cordon du Million d\u2019\u00c9l\u00e9phants et du Parasol Blanc (Laos) en 1947.<\/p>\n<p align=\"LEFT\">Commandeur de l&rsquo;Ordre du C\u00e8dre (Liban) le 24 avril 1961.<\/p>\n<p align=\"LEFT\"><i>\u00c9mile Bollaert avait \u00e9galement re\u00e7u\u00a0:<br \/>\n&#8211; la Croix de la Libert\u00e9 du Roi Haakon (Norv\u00e8ge),<br \/>\n&#8211; la Croix de Pologne,<br \/>\nmais les ambassades respectives consult\u00e9es ont d\u00e9clar\u00e9 que leurs gouvernements n&rsquo;avaient pu r\u00e9cup\u00e9rer la totalit\u00e9 des archives de cette p\u00e9riode troubl\u00e9e 1939-1945 et qu&rsquo;elles ne pouvaient ni infirmer, ni confirmer la remise de ces d\u00e9corations.<\/i><\/p>\n<p align=\"LEFT\">\n<p style=\"text-align: center;\" align=\"LEFT\"><small><em>(mis \u00e0 jour en juillet 2017)<\/em><\/small><br \/>\n<small><em><a href=\"https:\/\/www.gbollaert.eu\/emile-bollaert\/chapitre-13-epilogue\/\">-&gt; Chapitre 13 : \u00c9pilogue<\/a><\/em><\/small><\/p>\n","protected":false},"excerpt":{"rendered":"<p>Croix de Guerre 14-18, 5 citations (1 corps d&rsquo;arm\u00e9e, 2 division, 1 brigade, 1 bataillon). Croix de Guerre des Th\u00e9\u00e2tres d&rsquo;Op\u00e9rations Ext\u00e9rieures avec palme le 24 novembre 1948. L\u00e9gion d&rsquo;Honneur : &#8211; chevalier \u00e0 titre militaire le 24 mars 1923 (JO du 30\/4\/23 p. 3154) &#8211; officier au titre des Affaires \u00c9trang\u00e8res le 31 juillet &hellip; <a href=\"https:\/\/www.gbollaert.eu\/emile-bollaert\/chapitre-12-decorations\/\" class=\"more-link\">Continuer la lecture de <span class=\"screen-reader-text\">Chapitre 12 :  D\u00e9corations<\/span><\/a><\/p>\n","protected":false},"author":1,"featured_media":0,"parent":0,"menu_order":0,"comment_status":"closed","ping_status":"closed","template":"","meta":{"footnotes":""},"class_list":["post-41","page","type-page","status-publish","hentry"],"_links":{"self":[{"href":"https:\/\/www.gbollaert.eu\/emile-bollaert\/wp-json\/wp\/v2\/pages\/41","targetHints":{"allow":["GET"]}}],"collection":[{"href":"https:\/\/www.gbollaert.eu\/emile-bollaert\/wp-json\/wp\/v2\/pages"}],"about":[{"href":"https:\/\/www.gbollaert.eu\/emile-bollaert\/wp-json\/wp\/v2\/types\/page"}],"author":[{"embeddable":true,"href":"https:\/\/www.gbollaert.eu\/emile-bollaert\/wp-json\/wp\/v2\/users\/1"}],"replies":[{"embeddable":true,"href":"https:\/\/www.gbollaert.eu\/emile-bollaert\/wp-json\/wp\/v2\/comments?post=41"}],"version-history":[{"count":29,"href":"https:\/\/www.gbollaert.eu\/emile-bollaert\/wp-json\/wp\/v2\/pages\/41\/revisions"}],"predecessor-version":[{"id":1151,"href":"https:\/\/www.gbollaert.eu\/emile-bollaert\/wp-json\/wp\/v2\/pages\/41\/revisions\/1151"}],"wp:attachment":[{"href":"https:\/\/www.gbollaert.eu\/emile-bollaert\/wp-json\/wp\/v2\/media?parent=41"}],"curies":[{"name":"wp","href":"https:\/\/api.w.org\/{rel}","templated":true}]}}

Chapitre 12 :  Décorations

<p align="LEFT">Croix de Guerre 14-18, 5 citations (1 corps d&rsquo;armée, 2 division, 1 brigade, 1 bataillon).</p>
<p align="LEFT">Croix de Guerre des Théâtres d&rsquo;Opérations Extérieures avec palme le 24 novembre 1948.</p>
<p align="LEFT">Légion d&rsquo;Honneur :<br />
&#8211; chevalier à titre militaire le 24 mars 1923 (JO du 30/4/23 p. 3154)<br />
&#8211; officier au titre des Affaires Étrangères le 31 juillet 1932 (JO du 2/8/32)<br />
&#8211; commandeur au titre de la Présidence du Conseil le 18 janvier 1946 (JO du 9/2/46)<br />
<i>Cravate de commandeur remise à Strasbourg par le général de Gaulle<br />
</i>&#8211; grand-officier à titre militaire le 24 novembre 1948 (JO du 25/11/48)<br />
&#8211; grand-croix à titre militaire le 21 mars 1961, pour valoir au 1° avril 1960 (JO du 26/3/61 p. 3034)</p>
<figure id="attachment_129" aria-describedby="caption-attachment-129" style="width: 774px" class="wp-caption alignnone"><img loading="lazy" decoding="async" class="wp-image-129 size-full" src="https://www.gbollaert.eu/emile-bollaert/wp-content/uploads/2017/01/EB-GrandCroix.jpg" alt="De Gaulle remet a Emile Bollaert la Grand-Croix de la Legion d'Honneur" width="774" height="575" srcset="https://www.gbollaert.eu/emile-bollaert/wp-content/uploads/2017/01/EB-GrandCroix.jpg 774w, https://www.gbollaert.eu/emile-bollaert/wp-content/uploads/2017/01/EB-GrandCroix-300x223.jpg 300w, https://www.gbollaert.eu/emile-bollaert/wp-content/uploads/2017/01/EB-GrandCroix-768x571.jpg 768w" sizes="auto, (max-width: 774px) 100vw, 774px" /><figcaption id="caption-attachment-129" class="wp-caption-text">A l&rsquo;Elysée, le 17 juin 1961, le général De Gaulle remet la Grand-Croix de la Légion d&rsquo;Honneur à Émile Bollaert en présence de Pierre Messmer et Gaston Monnerville.</figcaption></figure>
<p align="LEFT">Croix des Compagnons de la Libération le 16 octobre 1945.<br />
<i>Émile Bollaert avait demandé au général de Gaulle de la lui remettre. Voici la réponse du Général en date du 5 mars 1946 :</i></p>
<p align="LEFT"><i>« LE GENERAL DE GAULLE Marly, 5/3/46<br />
Mon cher ami,<br />
J&rsquo;ai reçu votre lettre avec plaisir et vous en remercie. Ce que nous avons pu faire dans la tempête est, pour le pays, une sorte de trésor qu&rsquo;il ne faut pas laisser rouler dans la boue, ne fût-ce que pour l&rsquo;Histoire. Or, la vague de bassesse déferle. Mieux vaut la laisser passer.<br />
Je ne demanderais pas mieux que de vous remettre la Croix de la Libération que j&rsquo;ai eu l&rsquo;honneur de vous décerner. Mais, pour le moment, je m&rsquo;abstiens avec rigueur de toute figuration et de toute cérémonie publique. Si vous jugez possible d&rsquo;attendre, nous pourrons en reparler dans quelques mois, mais si, en raison de vos fonctions, il vous paraît utile de recevoir les insignes sans tarder, alors, adressez-vous, de ma part, au général Koenig.<br />
Croyez, mon cher ami, à mes sentiments cordialement et fidèlement dévoués,<br />
C. de Gaulle »<br />
<img loading="lazy" decoding="async" class="alignnone wp-image-248" src="https://www.gbollaert.eu/emile-bollaert/wp-content/uploads/2017/02/EB-LetDeGaulle.jpg" alt="" width="596" height="462" /><br />
</i></p>
<p align="LEFT">Médaille de la Résistance avec rosette le 31 mars 1947.</p>
<p align="LEFT">Médaille commémorative des Services Volontaires dans la France Libre le 28 août 1947.</p>
<p align="LEFT">Croix du Combattant Volontaire de la Résistance le 26 juin 1952.</p>
<p align="LEFT">Médaille des Déportés de la Résistance.</p>
<p align="LEFT">Commandeur de l&rsquo;Ordre des Arts &amp; Lettres en novembre 1960.</p>
<p align="LEFT">Commandeur de l&rsquo;Ordre des Palmes Académiques.</p>
<p align="LEFT">Officier du Mérite Agricole.</p>
<p align="LEFT">Médaille d&rsquo;Or du Ministère du Travail, de l&rsquo;Hygiène, de l&rsquo;Assistance et de la Prévoyance Sociales <span style="font-family: Times New Roman,serif;">(pour services rendus aux Œuvres de Prévoyance Sociale)</span>.</p>
<p align="LEFT">Médaille de l’Éducation Surveillée le 27 octobre 1964.</p>
<p align="LEFT">Médaille d&rsquo;Or du Ministère de l&rsquo;Intérieur.</p>
<p align="LEFT">Grande Médaille de Vermeil de la Ville de Paris le 14 janvier 1976.</p>
<figure id="attachment_1003" aria-describedby="caption-attachment-1003" style="width: 660px" class="wp-caption alignnone"><img loading="lazy" decoding="async" class="wp-image-1003 size-large" src="https://www.gbollaert.eu/emile-bollaert/wp-content/uploads/2022/10/12_3-Taulelle-1024x714.jpg" alt="" width="660" height="460" srcset="https://www.gbollaert.eu/emile-bollaert/wp-content/uploads/2022/10/12_3-Taulelle-1024x714.jpg 1024w, https://www.gbollaert.eu/emile-bollaert/wp-content/uploads/2022/10/12_3-Taulelle-300x209.jpg 300w, https://www.gbollaert.eu/emile-bollaert/wp-content/uploads/2022/10/12_3-Taulelle-768x536.jpg 768w, https://www.gbollaert.eu/emile-bollaert/wp-content/uploads/2022/10/12_3-Taulelle.jpg 1124w" sizes="auto, (max-width: 660px) 100vw, 660px" /><figcaption id="caption-attachment-1003" class="wp-caption-text">Bernard Lafay, président du Conseil de Paris et Jean Taulelle, préfet de Paris, remettent cette médaille</figcaption></figure>
<p align="LEFT">Grand Cordon du Ouissam-Alaouite (Maroc) le 21 juin 1945.</p>
<p align="LEFT">Grand Cordon du Nichan-Iftikar (Tunisie) en 1945.</p>
<p align="LEFT">Grand Cordon de l&rsquo;Ordre Royal du Cambodge en 1947.</p>
<p align="LEFT">Grand Cordon du Million d’Éléphants et du Parasol Blanc (Laos) en 1947.</p>
<p align="LEFT">Commandeur de l&rsquo;Ordre du Cèdre (Liban) le 24 avril 1961.</p>
<p align="LEFT"><i>Émile Bollaert avait également reçu :<br />
&#8211; la Croix de la Liberté du Roi Haakon (Norvège),<br />
&#8211; la Croix de Pologne,<br />
mais les ambassades respectives consultées ont déclaré que leurs gouvernements n&rsquo;avaient pu récupérer la totalité des archives de cette période troublée 1939-1945 et qu&rsquo;elles ne pouvaient ni infirmer, ni confirmer la remise de ces décorations.</i></p>
<p align="LEFT">
<p style="text-align: center;" align="LEFT"><small><em>(mis à jour en juillet 2017)</em></small><br />
<small><em><a href="https://www.gbollaert.eu/emile-bollaert/chapitre-13-epilogue/">-&gt; Chapitre 13 : Épilogue</a></em></small></p>

<p>Croix de Guerre 14-18, 5 citations (1 corps d&rsquo;armée, 2 division, 1 brigade, 1 bataillon). Croix de Guerre des Théâtres d&rsquo;Opérations Extérieures avec palme le 24 novembre 1948. Légion d&rsquo;Honneur : &#8211; chevalier à titre militaire le 24 mars 1923 (JO du 30/4/23 p. 3154) &#8211; officier au titre des Affaires Étrangères le 31 juillet &hellip; <a href="https://www.gbollaert.eu/emile-bollaert/chapitre-12-decorations/" class="more-link">Continuer la lecture de <span class="screen-reader-text">Chapitre 12 :  Décorations</span></a></p>
